{"id":2362,"date":"2023-12-19T21:21:21","date_gmt":"2023-12-19T21:21:21","guid":{"rendered":"https:\/\/dogusgunaltay.com\/?page_id=2362"},"modified":"2023-12-19T21:43:24","modified_gmt":"2023-12-19T21:43:24","slug":"promosyon","status":"publish","type":"page","link":"https:\/\/dogusgunaltay.com\/index.php\/dogus-gunaltay\/promosyon\/","title":{"rendered":"Promosyon"},"content":{"rendered":"\n<div class=\"wp-block-uagb-container uagb-block-uusllhy1 alignfull uagb-is-root-container\"><div class=\"uagb-container-inner-blocks-wrap\">\n<div class=\"wp-block-uagb-container uagb-block-o4jxmzpn\">\n<div class=\"wp-block-uagb-info-box uagb-block-q2xhztuf uagb-infobox__content-wrap  uagb-infobox-icon-above-title uagb-infobox-image-valign-top\"><div class=\"uagb-ifb-content\"><div class=\"uagb-ifb-title-wrap\"><h1 class=\"uagb-ifb-title\">Promosyon<\/h1><\/div><p class=\"uagb-ifb-desc\"><strong>Promosyon \u00fcr\u00fcnlerine ula\u015fabilece\u011finiz ve detayl\u0131 bilgi alabilece\u011finiz sitemiz linktedir.<\/strong><\/p><\/div><\/div>\n\n\n\n<div class=\"wp-block-uagb-buttons uagb-buttons__outer-wrap uagb-btn__default-btn uagb-btn-tablet__default-btn uagb-btn-mobile__default-btn uagb-block-3eshg9up\"><div class=\"uagb-buttons__wrap uagb-buttons-layout-wrap\">\n<div data-aos= \"flip-down\" data-aos-duration=\"400\" data-aos-delay=\"0\" data-aos-easing=\"ease\" data-aos-once=\"true\" class=\"wp-block-uagb-buttons-child uagb-buttons__outer-wrap uagb-block-prdl70tn wp-block-button\" id=\"promosyon\"><div class=\"uagb-button__wrapper\"><a class=\"uagb-buttons-repeater wp-block-button__link\" href=\"https:\/\/www.promosyonplatformu.com\/index.php\" onclick=\"return true;\" rel=\"follow noopener\" target=\"_blank\"><div class=\"uagb-button__link\">Promosyon<\/div><\/a><\/div><\/div>\n<\/div><\/div>\n<\/div>\n\n\n\n<div class=\"wp-block-uagb-container uagb-block-sceqbxsb\">\n<div class=\"wp-block-uagb-container uagb-block-f7cvtsza\">\n<div class=\"wp-block-uagb-image alignleft uagb-block-gtbhl1hk wp-block-uagb-image--layout-default wp-block-uagb-image--effect-static wp-block-uagb-image--align-left\"><figure class=\"wp-block-uagb-image__figure\"><img decoding=\"async\" srcset=\"https:\/\/dogusgunaltay.com\/wp-content\/uploads\/2023\/12\/promotional-items-1024x472-1.png ,https:\/\/dogusgunaltay.com\/wp-content\/uploads\/2023\/12\/promotional-items-1024x472-1.png 780w, https:\/\/dogusgunaltay.com\/wp-content\/uploads\/2023\/12\/promotional-items-1024x472-1.png 360w\" sizes=\"auto, (max-width: 480px) 150px\" src=\"https:\/\/dogusgunaltay.com\/wp-content\/uploads\/2023\/12\/promotional-items-1024x472-1.png\" alt=\"\" class=\"uag-image-2363\" width=\"282\" height=\"370\" title=\"\" loading=\"lazy\"\/><\/figure><\/div>\n<\/div>\n\n\n\n<div class=\"wp-block-uagb-container uagb-block-odwnct7b\">\n<div class=\"wp-block-uagb-image alignleft uagb-block-filjgqns wp-block-uagb-image--layout-default wp-block-uagb-image--effect-static wp-block-uagb-image--align-left\"><figure class=\"wp-block-uagb-image__figure\"><img decoding=\"async\" srcset=\"https:\/\/dogusgunaltay.com\/wp-content\/uploads\/2023\/12\/pr.webp ,https:\/\/dogusgunaltay.com\/wp-content\/uploads\/2023\/12\/pr.webp 780w, https:\/\/dogusgunaltay.com\/wp-content\/uploads\/2023\/12\/pr.webp 360w\" sizes=\"auto, (max-width: 480px) 150px\" src=\"https:\/\/dogusgunaltay.com\/wp-content\/uploads\/2023\/12\/pr.webp\" alt=\"\" class=\"uag-image-2369\" width=\"282\" height=\"420\" title=\"\" loading=\"lazy\"\/><\/figure><\/div>\n<\/div>\n\n\n\n<div class=\"wp-block-uagb-container uagb-block-tfkppg3w\">\n<div class=\"wp-block-uagb-image alignleft uagb-block-1mpbwpne wp-block-uagb-image--layout-default wp-block-uagb-image--effect-static wp-block-uagb-image--align-left\"><figure class=\"wp-block-uagb-image__figure\"><img decoding=\"async\" srcset=\"https:\/\/dogusgunaltay.com\/wp-content\/uploads\/2023\/12\/prm.jpg ,https:\/\/dogusgunaltay.com\/wp-content\/uploads\/2023\/12\/prm.jpg 780w, https:\/\/dogusgunaltay.com\/wp-content\/uploads\/2023\/12\/prm.jpg 360w\" sizes=\"auto, (max-width: 480px) 150px\" src=\"https:\/\/dogusgunaltay.com\/wp-content\/uploads\/2023\/12\/prm.jpg\" alt=\"\" class=\"uag-image-2370\" width=\"282\" height=\"370\" title=\"\" loading=\"lazy\"\/><\/figure><\/div>\n<\/div>\n\n\n\n<div class=\"wp-block-uagb-container uagb-block-iebxjgam\">\n<div class=\"wp-block-uagb-image alignleft uagb-block-rsnqlzk7 wp-block-uagb-image--layout-default wp-block-uagb-image--effect-static wp-block-uagb-image--align-left\"><figure class=\"wp-block-uagb-image__figure\"><img decoding=\"async\" srcset=\"https:\/\/dogusgunaltay.com\/wp-content\/uploads\/2023\/12\/prms.jpg ,https:\/\/dogusgunaltay.com\/wp-content\/uploads\/2023\/12\/prms.jpg 780w, https:\/\/dogusgunaltay.com\/wp-content\/uploads\/2023\/12\/prms.jpg 360w\" sizes=\"auto, (max-width: 480px) 150px\" src=\"https:\/\/dogusgunaltay.com\/wp-content\/uploads\/2023\/12\/prms.jpg\" alt=\"\" class=\"uag-image-2371\" width=\"282\" height=\"420\" title=\"\" loading=\"lazy\"\/><\/figure><\/div>\n<\/div>\n<\/div>\n<\/div><\/div>\n","protected":false},"excerpt":{"rendered":"","protected":false},"author":1,"featured_media":0,"parent":1868,"menu_order":0,"comment_status":"closed","ping_status":"closed","template":"","meta":{"_uag_custom_page_level_css":"","site-sidebar-layout":"default","site-content-layout":"","ast-site-content-layout":"default","site-content-style":"default","site-sidebar-style":"default","ast-global-header-display":"","ast-banner-title-visibility":"","ast-main-header-display":"","ast-hfb-above-header-display":"","ast-hfb-below-header-display":"","ast-hfb-mobile-header-display":"","site-post-title":"","ast-breadcrumbs-content":"","ast-featured-img":"","footer-sml-layout":"","ast-disable-related-posts":"","theme-transparent-header-meta":"","adv-header-id-meta":"","stick-header-meta":"","header-above-stick-meta":"","header-main-stick-meta":"","header-below-stick-meta":"","astra-migrate-meta-layouts":"set","ast-page-background-enabled":"default","ast-page-background-meta":{"desktop":{"background-color":"","background-image":"","background-repeat":"repeat","background-position":"center center","background-size":"auto","background-attachment":"scroll","background-type":"","background-media":"","overlay-type":"","overlay-color":"","overlay-opacity":"","overlay-gradient":""},"tablet":{"background-color":"","background-image":"","background-repeat":"repeat","background-position":"center center","background-size":"auto","background-attachment":"scroll","background-type":"","background-media":"","overlay-type":"","overlay-color":"","overlay-opacity":"","overlay-gradient":""},"mobile":{"background-color":"","background-image":"","background-repeat":"repeat","background-position":"center center","background-size":"auto","background-attachment":"scroll","background-type":"","background-media":"","overlay-type":"","overlay-color":"","overlay-opacity":"","overlay-gradient":""}},"ast-content-background-meta":{"desktop":{"background-color":"var(--ast-global-color-5)","background-image":"","background-repeat":"repeat","background-position":"center center","background-size":"auto","background-attachment":"scroll","background-type":"","background-media":"","overlay-type":"","overlay-color":"","overlay-opacity":"","overlay-gradient":""},"tablet":{"background-color":"var(--ast-global-color-5)","background-image":"","background-repeat":"repeat","background-position":"center center","background-size":"auto","background-attachment":"scroll","background-type":"","background-media":"","overlay-type":"","overlay-color":"","overlay-opacity":"","overlay-gradient":""},"mobile":{"background-color":"var(--ast-global-color-5)","background-image":"","background-repeat":"repeat","background-position":"center center","background-size":"auto","background-attachment":"scroll","background-type":"","background-media":"","overlay-type":"","overlay-color":"","overlay-opacity":"","overlay-gradient":""}},"_vp_format_video_url":"","_vp_image_focal_point":[],"footnotes":""},"class_list":["post-2362","page","type-page","status-publish","hentry"],"yoast_head":"<!-- This site is optimized with the Yoast SEO plugin v27.4 - https:\/\/yoast.com\/product\/yoast-seo-wordpress\/ -->\n<title>Promosyon - Do\u011fu\u015f G\u00fcnaltay<\/title>\n<meta name=\"robots\" content=\"index, follow, max-snippet:-1, max-image-preview:large, max-video-preview:-1\" \/>\n<link rel=\"canonical\" href=\"https:\/\/dogusgunaltay.com\/index.php\/dogus-gunaltay\/promosyon\/\" \/>\n<meta property=\"og:locale\" content=\"tr_TR\" \/>\n<meta property=\"og:type\" content=\"article\" \/>\n<meta property=\"og:title\" content=\"Promosyon - Do\u011fu\u015f G\u00fcnaltay\" \/>\n<meta property=\"og:url\" content=\"https:\/\/dogusgunaltay.com\/index.php\/dogus-gunaltay\/promosyon\/\" \/>\n<meta property=\"og:site_name\" content=\"Do\u011fu\u015f G\u00fcnaltay\" \/>\n<meta property=\"article:modified_time\" content=\"2023-12-19T21:43:24+00:00\" \/>\n<meta property=\"og:image\" content=\"https:\/\/dogusgunaltay.com\/wp-content\/uploads\/2023\/12\/promotional-items-1024x472-1.png\" \/>\n<meta name=\"twitter:card\" content=\"summary_large_image\" \/>\n<meta name=\"twitter:label1\" content=\"Tahmini okuma s\u00fcresi\" \/>\n\t<meta name=\"twitter:data1\" content=\"1 dakika\" \/>\n<script type=\"application\/ld+json\" class=\"yoast-schema-graph\">{\"@context\":\"https:\\\/\\\/schema.org\",\"@graph\":[{\"@type\":\"WebPage\",\"@id\":\"https:\\\/\\\/dogusgunaltay.com\\\/index.php\\\/dogus-gunaltay\\\/promosyon\\\/\",\"url\":\"https:\\\/\\\/dogusgunaltay.com\\\/index.php\\\/dogus-gunaltay\\\/promosyon\\\/\",\"name\":\"Promosyon - Do\u011fu\u015f G\u00fcnaltay\",\"isPartOf\":{\"@id\":\"https:\\\/\\\/dogusgunaltay.com\\\/#website\"},\"primaryImageOfPage\":{\"@id\":\"https:\\\/\\\/dogusgunaltay.com\\\/index.php\\\/dogus-gunaltay\\\/promosyon\\\/#primaryimage\"},\"image\":{\"@id\":\"https:\\\/\\\/dogusgunaltay.com\\\/index.php\\\/dogus-gunaltay\\\/promosyon\\\/#primaryimage\"},\"thumbnailUrl\":\"https:\\\/\\\/dogusgunaltay.com\\\/wp-content\\\/uploads\\\/2023\\\/12\\\/promotional-items-1024x472-1.png\",\"datePublished\":\"2023-12-19T21:21:21+00:00\",\"dateModified\":\"2023-12-19T21:43:24+00:00\",\"breadcrumb\":{\"@id\":\"https:\\\/\\\/dogusgunaltay.com\\\/index.php\\\/dogus-gunaltay\\\/promosyon\\\/#breadcrumb\"},\"inLanguage\":\"tr\",\"potentialAction\":[{\"@type\":\"ReadAction\",\"target\":[\"https:\\\/\\\/dogusgunaltay.com\\\/index.php\\\/dogus-gunaltay\\\/promosyon\\\/\"]}]},{\"@type\":\"ImageObject\",\"inLanguage\":\"tr\",\"@id\":\"https:\\\/\\\/dogusgunaltay.com\\\/index.php\\\/dogus-gunaltay\\\/promosyon\\\/#primaryimage\",\"url\":\"https:\\\/\\\/dogusgunaltay.com\\\/wp-content\\\/uploads\\\/2023\\\/12\\\/promotional-items-1024x472-1.png\",\"contentUrl\":\"https:\\\/\\\/dogusgunaltay.com\\\/wp-content\\\/uploads\\\/2023\\\/12\\\/promotional-items-1024x472-1.png\",\"width\":1024,\"height\":472},{\"@type\":\"BreadcrumbList\",\"@id\":\"https:\\\/\\\/dogusgunaltay.com\\\/index.php\\\/dogus-gunaltay\\\/promosyon\\\/#breadcrumb\",\"itemListElement\":[{\"@type\":\"ListItem\",\"position\":1,\"name\":\"Anasayfa\",\"item\":\"https:\\\/\\\/dogusgunaltay.com\\\/\"},{\"@type\":\"ListItem\",\"position\":2,\"name\":\"Ana Sayfa\",\"item\":\"https:\\\/\\\/dogusgunaltay.com\\\/\"},{\"@type\":\"ListItem\",\"position\":3,\"name\":\"Promosyon\"}]},{\"@type\":\"WebSite\",\"@id\":\"https:\\\/\\\/dogusgunaltay.com\\\/#website\",\"url\":\"https:\\\/\\\/dogusgunaltay.com\\\/\",\"name\":\"Do\u011fu\u015f G\u00fcnaltay\",\"description\":\"Fikri Sanata \u00c7evir\",\"publisher\":{\"@id\":\"https:\\\/\\\/dogusgunaltay.com\\\/#\\\/schema\\\/person\\\/983f726aa68fc9b68673eb592ef7a93d\"},\"potentialAction\":[{\"@type\":\"SearchAction\",\"target\":{\"@type\":\"EntryPoint\",\"urlTemplate\":\"https:\\\/\\\/dogusgunaltay.com\\\/?s={search_term_string}\"},\"query-input\":{\"@type\":\"PropertyValueSpecification\",\"valueRequired\":true,\"valueName\":\"search_term_string\"}}],\"inLanguage\":\"tr\"},{\"@type\":[\"Person\",\"Organization\"],\"@id\":\"https:\\\/\\\/dogusgunaltay.com\\\/#\\\/schema\\\/person\\\/983f726aa68fc9b68673eb592ef7a93d\",\"name\":\"admin\",\"image\":{\"@type\":\"ImageObject\",\"inLanguage\":\"tr\",\"@id\":\"https:\\\/\\\/dogusgunaltay.com\\\/wp-content\\\/uploads\\\/2023\\\/01\\\/cropped-Calisma-yuzeyi-1.png\",\"url\":\"https:\\\/\\\/dogusgunaltay.com\\\/wp-content\\\/uploads\\\/2023\\\/01\\\/cropped-Calisma-yuzeyi-1.png\",\"contentUrl\":\"https:\\\/\\\/dogusgunaltay.com\\\/wp-content\\\/uploads\\\/2023\\\/01\\\/cropped-Calisma-yuzeyi-1.png\",\"width\":512,\"height\":512,\"caption\":\"admin\"},\"logo\":{\"@id\":\"https:\\\/\\\/dogusgunaltay.com\\\/wp-content\\\/uploads\\\/2023\\\/01\\\/cropped-Calisma-yuzeyi-1.png\"},\"sameAs\":[\"https:\\\/\\\/dogusgunaltay.com\"]}]}<\/script>\n<!-- \/ Yoast SEO plugin. -->","yoast_head_json":{"title":"Promosyon - Do\u011fu\u015f G\u00fcnaltay","robots":{"index":"index","follow":"follow","max-snippet":"max-snippet:-1","max-image-preview":"max-image-preview:large","max-video-preview":"max-video-preview:-1"},"canonical":"https:\/\/dogusgunaltay.com\/index.php\/dogus-gunaltay\/promosyon\/","og_locale":"tr_TR","og_type":"article","og_title":"Promosyon - Do\u011fu\u015f G\u00fcnaltay","og_url":"https:\/\/dogusgunaltay.com\/index.php\/dogus-gunaltay\/promosyon\/","og_site_name":"Do\u011fu\u015f G\u00fcnaltay","article_modified_time":"2023-12-19T21:43:24+00:00","og_image":[{"url":"https:\/\/dogusgunaltay.com\/wp-content\/uploads\/2023\/12\/promotional-items-1024x472-1.png","type":"","width":"","height":""}],"twitter_card":"summary_large_image","twitter_misc":{"Tahmini okuma s\u00fcresi":"1 dakika"},"schema":{"@context":"https:\/\/schema.org","@graph":[{"@type":"WebPage","@id":"https:\/\/dogusgunaltay.com\/index.php\/dogus-gunaltay\/promosyon\/","url":"https:\/\/dogusgunaltay.com\/index.php\/dogus-gunaltay\/promosyon\/","name":"Promosyon - Do\u011fu\u015f G\u00fcnaltay","isPartOf":{"@id":"https:\/\/dogusgunaltay.com\/#website"},"primaryImageOfPage":{"@id":"https:\/\/dogusgunaltay.com\/index.php\/dogus-gunaltay\/promosyon\/#primaryimage"},"image":{"@id":"https:\/\/dogusgunaltay.com\/index.php\/dogus-gunaltay\/promosyon\/#primaryimage"},"thumbnailUrl":"https:\/\/dogusgunaltay.com\/wp-content\/uploads\/2023\/12\/promotional-items-1024x472-1.png","datePublished":"2023-12-19T21:21:21+00:00","dateModified":"2023-12-19T21:43:24+00:00","breadcrumb":{"@id":"https:\/\/dogusgunaltay.com\/index.php\/dogus-gunaltay\/promosyon\/#breadcrumb"},"inLanguage":"tr","potentialAction":[{"@type":"ReadAction","target":["https:\/\/dogusgunaltay.com\/index.php\/dogus-gunaltay\/promosyon\/"]}]},{"@type":"ImageObject","inLanguage":"tr","@id":"https:\/\/dogusgunaltay.com\/index.php\/dogus-gunaltay\/promosyon\/#primaryimage","url":"https:\/\/dogusgunaltay.com\/wp-content\/uploads\/2023\/12\/promotional-items-1024x472-1.png","contentUrl":"https:\/\/dogusgunaltay.com\/wp-content\/uploads\/2023\/12\/promotional-items-1024x472-1.png","width":1024,"height":472},{"@type":"BreadcrumbList","@id":"https:\/\/dogusgunaltay.com\/index.php\/dogus-gunaltay\/promosyon\/#breadcrumb","itemListElement":[{"@type":"ListItem","position":1,"name":"Anasayfa","item":"https:\/\/dogusgunaltay.com\/"},{"@type":"ListItem","position":2,"name":"Ana Sayfa","item":"https:\/\/dogusgunaltay.com\/"},{"@type":"ListItem","position":3,"name":"Promosyon"}]},{"@type":"WebSite","@id":"https:\/\/dogusgunaltay.com\/#website","url":"https:\/\/dogusgunaltay.com\/","name":"Do\u011fu\u015f G\u00fcnaltay","description":"Fikri Sanata \u00c7evir","publisher":{"@id":"https:\/\/dogusgunaltay.com\/#\/schema\/person\/983f726aa68fc9b68673eb592ef7a93d"},"potentialAction":[{"@type":"SearchAction","target":{"@type":"EntryPoint","urlTemplate":"https:\/\/dogusgunaltay.com\/?s={search_term_string}"},"query-input":{"@type":"PropertyValueSpecification","valueRequired":true,"valueName":"search_term_string"}}],"inLanguage":"tr"},{"@type":["Person","Organization"],"@id":"https:\/\/dogusgunaltay.com\/#\/schema\/person\/983f726aa68fc9b68673eb592ef7a93d","name":"admin","image":{"@type":"ImageObject","inLanguage":"tr","@id":"https:\/\/dogusgunaltay.com\/wp-content\/uploads\/2023\/01\/cropped-Calisma-yuzeyi-1.png","url":"https:\/\/dogusgunaltay.com\/wp-content\/uploads\/2023\/01\/cropped-Calisma-yuzeyi-1.png","contentUrl":"https:\/\/dogusgunaltay.com\/wp-content\/uploads\/2023\/01\/cropped-Calisma-yuzeyi-1.png","width":512,"height":512,"caption":"admin"},"logo":{"@id":"https:\/\/dogusgunaltay.com\/wp-content\/uploads\/2023\/01\/cropped-Calisma-yuzeyi-1.png"},"sameAs":["https:\/\/dogusgunaltay.com"]}]}},"uagb_featured_image_src":{"full":false,"thumbnail":false,"medium":false,"medium_large":false,"large":false,"1536x1536":false,"2048x2048":false,"vp_sm":false,"vp_md":false,"vp_lg":false,"vp_xl":false,"vp_sm_popup":false,"vp_md_popup":false,"vp_xl_popup":false},"uagb_author_info":{"display_name":"admin","author_link":"https:\/\/dogusgunaltay.com\/index.php\/author\/dogusgunaltay\/"},"uagb_comment_info":0,"uagb_excerpt":null,"_links":{"self":[{"href":"https:\/\/dogusgunaltay.com\/index.php\/wp-json\/wp\/v2\/pages\/2362","targetHints":{"allow":["GET"]}}],"collection":[{"href":"https:\/\/dogusgunaltay.com\/index.php\/wp-json\/wp\/v2\/pages"}],"about":[{"href":"https:\/\/dogusgunaltay.com\/index.php\/wp-json\/wp\/v2\/types\/page"}],"author":[{"embeddable":true,"href":"https:\/\/dogusgunaltay.com\/index.php\/wp-json\/wp\/v2\/users\/1"}],"replies":[{"embeddable":true,"href":"https:\/\/dogusgunaltay.com\/index.php\/wp-json\/wp\/v2\/comments?post=2362"}],"version-history":[{"count":3,"href":"https:\/\/dogusgunaltay.com\/index.php\/wp-json\/wp\/v2\/pages\/2362\/revisions"}],"predecessor-version":[{"id":2386,"href":"https:\/\/dogusgunaltay.com\/index.php\/wp-json\/wp\/v2\/pages\/2362\/revisions\/2386"}],"up":[{"embeddable":true,"href":"https:\/\/dogusgunaltay.com\/index.php\/wp-json\/wp\/v2\/pages\/1868"}],"wp:attachment":[{"href":"https:\/\/dogusgunaltay.com\/index.php\/wp-json\/wp\/v2\/media?parent=2362"}],"curies":[{"name":"wp","href":"https:\/\/api.w.org\/{rel}","templated":true}]}}